{"id":323,"date":"2021-09-06T09:34:04","date_gmt":"2021-09-06T07:34:04","guid":{"rendered":"http:\/\/dmotechnic.be\/?page_id=323"},"modified":"2022-08-26T09:12:24","modified_gmt":"2022-08-26T07:12:24","slug":"les-tarifs","status":"publish","type":"page","link":"https:\/\/dmotechnic.be\/index.php\/les-tarifs\/","title":{"rendered":"Les Tarifs"},"content":{"rendered":"\n<p>Nos tarifs varient en fonction des comp\u00e9tences demand\u00e9es.<\/p>\n\n\n\n<p>Les tarifications s&#8217;expriment HTVA (21%)<\/p>\n\n\n\n<hr class=\"wp-block-separator\"\/>\n\n\n\n<p class=\"has-medium-font-size\"><strong><span class=\"has-inline-color has-colibri-color-1-color\">Prestations classiques <\/span><\/strong><\/p>\n\n\n\n<p>Les prestations <strong>classiques <\/strong>comprennent les installations, configurations, d\u00e9pannages sur des ordinateurs Windows, produits r\u00e9seaux, imprimantes, Syst\u00e8mes d&#8217;exploitation.<\/p>\n\n\n\n<p><strong>Tarification en r\u00e9gie : 70\u20ac\/heure<\/strong><\/p>\n\n\n\n<p><em>Tarification horaire des prestations \u00e0 domicile, au bureau ou dans les LABOS de D.M.O. Technic<\/em><\/p>\n\n\n\n<p><strong>Forfait de r\u00e9installation Windows : 120\u20ac<\/strong><\/p>\n\n\n\n<p><em>Le forfait de r\u00e9installation Windows de base, comprend l&#8217;installation Windows avec les \u00e9l\u00e9ments essentiels pour la mise en service internet tels que : navigateur Google &#8211; Adobe reader, l&#8217;antivirus, le transfert des donn\u00e9es de l&#8217;utilisateur.<\/em><\/p>\n\n\n\n<p><em>A noter que pour le transfert des donn\u00e9es, l&#8217;ancien disque ou le disque actuel doit \u00eatre en \u00e9tat de fonctionnement et ne pr\u00e9senter aucune d\u00e9fectuosit\u00e9 de lecture.<\/em> <\/p>\n\n\n\n<hr class=\"wp-block-separator\"\/>\n\n\n\n<p class=\"has-medium-font-size\"><strong><strong><span class=\"has-inline-color has-colibri-color-1-color\">Prestations sp\u00e9cifiques<\/span><\/strong><\/strong><\/p>\n\n\n\n<p><strong>Tarification en r\u00e9gie : 75\u20ac\/heure<\/strong><\/p>\n\n\n\n<p><em>Les prestations <strong>sp\u00e9cifiques <\/strong>comprennent les ordinateurs APPLE Mac OSX, les ordinateurs LINUX<\/em>.<\/p>\n\n\n\n<hr class=\"wp-block-separator\"\/>\n\n\n\n<p class=\"has-medium-font-size\"><strong><span class=\"has-inline-color has-colibri-color-1-color\">Prestations Web<\/span><\/strong><\/p>\n\n\n\n<p><strong>Tarification en r\u00e9gie : 70\u20ac\/heure<\/strong><\/p>\n\n\n\n<p><em>Les prestations <strong>WEB <\/strong>comprennent le d\u00e9veloppement et la mise \u00e0 jour de sites internet, les prestations sur les noms de domaines, boites e-mails et DNS.<\/em><\/p>\n\n\n\n<hr class=\"wp-block-separator\"\/>\n\n\n\n<p class=\"has-medium-font-size\"><strong><span class=\"has-inline-color has-colibri-color-1-color\">Forfaits de d\u00e9placement<\/span><\/strong><\/p>\n\n\n\n<p><em>Les forfaits de d\u00e9placement <strong>varient en fonction de la r\u00e9gion<\/strong><\/em>.<\/p>\n\n\n\n<ul class=\"wp-block-list\"><li><span class=\"has-inline-color has-colibri-color-3-color\">ZONE Seneffe<\/span> &#8211; <strong>0 \u20ac<\/strong> : Seneffe centre  &#8211; <span style=\"text-decoration: underline;\">Pas de frais de d\u00e9placement<\/span><\/li><li><span class=\"has-inline-color has-colibri-color-3-color\">ZONE Proche 5KM<\/span>  &#8211; <strong>20\u20ac<\/strong> : L&#8217;entit\u00e9 de Seneffe (Arquennes\/Feluy\/Familleureux\/Petit-Roeux-lez-Nivelles.<\/li><li><span class=\"has-inline-color has-colibri-color-3-color\">ZONE hors entit\u00e9 20KM <\/span> &#8211; <strong>35\u20ac<\/strong> : Hors entit\u00e9 de Seneffe jusqu&#8217;\u00e0 Brabant Wallon &#8211; Charleroi centre<\/li><li><span class=\"has-inline-color has-colibri-color-4-color\">ZONE BXL\/CHAR<\/span>  &#8211; <strong>55\u20ac<\/strong> : Bruxelles et communes de la r\u00e9gion Bruxelloise<\/li><li><span style=\"color:#a3000d\" class=\"has-inline-color\">ZONE BE<\/span> &#8211; <strong>1,25\u20ac\/km<\/strong> <strong>\u00e0pd Seneffe<\/strong> : R\u00e9gion wallonne, r\u00e9gion flamande, hors Bruxelles et Charleroi centre<\/li><\/ul>\n","protected":false},"excerpt":{"rendered":"<p>Nos tarifs varient en fonction des comp\u00e9tences demand\u00e9es. Les tarifications s&#8217;expriment HTVA (21%) Prestations classiques Les prestations classiques comprennent les installations, configurations, d\u00e9pannages sur des ordinateurs Windows, produits r\u00e9seaux, imprimantes, Syst\u00e8mes d&#8217;exploitation. Tarification en r\u00e9gie : 70\u20ac\/heure Tarification horaire des prestations \u00e0 domicile, au bureau ou dans les LABOS de D.M.O. Technic Forfait de r\u00e9installation [&hellip;]<\/p>\n","protected":false},"author":1,"featured_media":0,"parent":0,"menu_order":0,"comment_status":"closed","ping_status":"closed","template":"","meta":{"footnotes":""},"class_list":["post-323","page","type-page","status-publish","hentry"],"_links":{"self":[{"href":"https:\/\/dmotechnic.be\/index.php\/wp-json\/wp\/v2\/pages\/323","targetHints":{"allow":["GET"]}}],"collection":[{"href":"https:\/\/dmotechnic.be\/index.php\/wp-json\/wp\/v2\/pages"}],"about":[{"href":"https:\/\/dmotechnic.be\/index.php\/wp-json\/wp\/v2\/types\/page"}],"author":[{"embeddable":true,"href":"https:\/\/dmotechnic.be\/index.php\/wp-json\/wp\/v2\/users\/1"}],"replies":[{"embeddable":true,"href":"https:\/\/dmotechnic.be\/index.php\/wp-json\/wp\/v2\/comments?post=323"}],"version-history":[{"count":15,"href":"https:\/\/dmotechnic.be\/index.php\/wp-json\/wp\/v2\/pages\/323\/revisions"}],"predecessor-version":[{"id":822,"href":"https:\/\/dmotechnic.be\/index.php\/wp-json\/wp\/v2\/pages\/323\/revisions\/822"}],"wp:attachment":[{"href":"https:\/\/dmotechnic.be\/index.php\/wp-json\/wp\/v2\/media?parent=323"}],"curies":[{"name":"wp","href":"https:\/\/api.w.org\/{rel}","templated":true}]}}